{"id":500,"date":"2014-01-11T16:43:25","date_gmt":"2014-01-11T15:43:25","guid":{"rendered":"http:\/\/ottoschaefer.de\/birds_and_nature\/?page_id=500"},"modified":"2014-10-05T15:47:26","modified_gmt":"2014-10-05T14:47:26","slug":"extremadura-2009","status":"publish","type":"page","link":"https:\/\/ottoschaefer.de\/birds_and_nature\/extremadura-2009\/","title":{"rendered":"Extremadura 2009"},"content":{"rendered":"<h2>Spanien, Extremadura im April 2009<\/h2>\n<p>Meine zweite Reise in die Extremadura, im S\u00fcwesten Spaniens, diesmal im Monat April. St\u00fctzpunkt war wieder Quintana della Serena, mit Ausf\u00fcgen in die n\u00e4here Umgebung und nach Merida. Ftotgrafischer Schwerpunkt: Landschaftsfotografie und allerlei Vogelarten wie Blauracken, Bienenfresser, R\u00f6telfalken und andere.<\/p>\n<p><style>\n\t#gallery_fffe039369719d955182c4cb32da1510 .image-wrapper {\n\t\tmargin-left: 5px;\n\t\tmargin-bottom: 5px;\n\t\tpadding: 20px;\n\t\tborder: solid 1px #CCCCCC;\n\t\tbackground-color: #FFFFFF;\n\t\tmax-width: 162px;\n\t}\n\n\t#gallery_fffe039369719d955182c4cb32da1510 .image-wrapper a {\n\t\twidth: 120px;\n\t\theight: 90px;\n\t}\n\n\t#gallery_fffe039369719d955182c4cb32da1510 .nextgen_pro_film_title {\n\t\t\t}\n\n\t#gallery_fffe039369719d955182c4cb32da1510 .nextgen_pro_film_description {\n\t\t\t}\n<\/style><div class=\"nextgen_pro_film\" id=\"gallery_fffe039369719d955182c4cb32da1510\"\n\t\tdata-gallery-id=\"ES2009\"><div id=\"ngg-image-0\" class=\"image-wrapper\"><a href=\"https:\/\/ottoschaefer.de\/birds_and_nature\/wp-content\/gallery\/bilder\/2009-04-14-001-extremadura.jpg\"\n\t\t\t\t\t\t\t\ttitle=\"Stare\"\n\t\t\t\t\t\t\t\tdata-src=\"https:\/\/ottoschaefer.de\/birds_and_nature\/wp-content\/gallery\/bilder\/2009-04-14-001-extremadura.jpg\"\n\t\t\t\t\t\t\t\tdata-thumbnail=\"https:\/\/ottoschaefer.de\/birds_and_nature\/wp-content\/gallery\/bilder\/thumbs\/thumbs_2009-04-14-001-extremadura.jpg\"\n\t\t\t\t\t\t\t\tdata-image-id=\"144\"\n\t\t\t\t\t\t\t\tdata-title=\"2009-04-14-001-extremadura\"\n\t\t\t\t\t\t\t\tdata-description=\"Stare\"\n\t\t\t\t\t\t\t\t\t\t\t\t\t\t\t\t\t\t\t\t\t\t\t\t\t\t\t\t\t\t\t\t\t\t\t\t\t\t\tclass='nextgen_pro_lightbox' data-nplmodal-gallery-id='fffe039369719d955182c4cb32da1510'><picture><source srcset='https:\/\/ottoschaefer.de\/birds_and_nature\/wp-content\/gallery\/bilder\/cache\/2009-04-14-001-extremadura.jpg-nggid03144-ngg0dyn-120x90x100-00f0w010c010r110f110r010t010.jpg'><img class=\"nextgen_pro_film_image\" title=\"2009-04-14-001-extremadura\" alt=\"2009-04-14-001-extremadura\" width=\"120\" height=\"80\" style=\"max-width:120px;max-height:80px\" src=\"https:\/\/ottoschaefer.de\/birds_and_nature\/wp-content\/gallery\/bilder\/cache\/2009-04-14-001-extremadura.jpg-nggid03144-ngg0dyn-120x90x100-00f0w010c010r110f110r010t010.jpg\" srcset=\"https:\/\/ottoschaefer.de\/birds_and_nature\/wp-content\/gallery\/bilder\/cache\/2009-04-14-001-extremadura.jpg-nggid03144-ngg0dyn-120x90x100-00f0w010c010r110f110r010t010.jpg\" \/><\/picture>\t\t\t\t\t\t\t<\/a><div class='ngg-trigger-buttons'><i class='fa ngg-trigger nextgen_pro_lightbox fa-share-square' data-nplmodal-gallery-id='fffe039369719d955182c4cb32da1510' data-image-id='144'><\/i><\/div>\t\t\t\t\t<\/div><div id=\"ngg-image-1\" class=\"image-wrapper\"><a href=\"https:\/\/ottoschaefer.de\/birds_and_nature\/wp-content\/gallery\/bilder\/2009-04-14-002-extremadura.jpg\"\n\t\t\t\t\t\t\t\ttitle=\"JUnger Storch\"\n\t\t\t\t\t\t\t\tdata-src=\"https:\/\/ottoschaefer.de\/birds_and_nature\/wp-content\/gallery\/bilder\/2009-04-14-002-extremadura.jpg\"\n\t\t\t\t\t\t\t\tdata-thumbnail=\"https:\/\/ottoschaefer.de\/birds_and_nature\/wp-content\/gallery\/bilder\/thumbs\/thumbs_2009-04-14-002-extremadura.jpg\"\n\t\t\t\t\t\t\t\tdata-image-id=\"145\"\n\t\t\t\t\t\t\t\tdata-title=\"2009-04-14-002-extremadura\"\n\t\t\t\t\t\t\t\tdata-description=\"JUnger Storch\"\n\t\t\t\t\t\t\t\t\t\t\t\t\t\t\t\t\t\t\t\t\t\t\t\t\t\t\t\t\t\t\t\t\t\t\t\t\t\t\tclass='nextgen_pro_lightbox' data-nplmodal-gallery-id='fffe039369719d955182c4cb32da1510'><picture><source srcset='https:\/\/ottoschaefer.de\/birds_and_nature\/wp-content\/gallery\/bilder\/cache\/2009-04-14-002-extremadura.jpg-nggid03145-ngg0dyn-120x90x100-00f0w010c010r110f110r010t010.jpg'><img class=\"nextgen_pro_film_image\" title=\"2009-04-14-002-extremadura\" alt=\"2009-04-14-002-extremadura\" width=\"120\" height=\"80\" style=\"max-width:120px;max-height:80px\" src=\"https:\/\/ottoschaefer.de\/birds_and_nature\/wp-content\/gallery\/bilder\/cache\/2009-04-14-002-extremadura.jpg-nggid03145-ngg0dyn-120x90x100-00f0w010c010r110f110r010t010.jpg\" srcset=\"https:\/\/ottoschaefer.de\/birds_and_nature\/wp-content\/gallery\/bilder\/cache\/2009-04-14-002-extremadura.jpg-nggid03145-ngg0dyn-120x90x100-00f0w010c010r110f110r010t010.jpg\" \/><\/picture>\t\t\t\t\t\t\t<\/a><div class='ngg-trigger-buttons'><i class='fa ngg-trigger nextgen_pro_lightbox fa-share-square' data-nplmodal-gallery-id='fffe039369719d955182c4cb32da1510' data-image-id='145'><\/i><\/div>\t\t\t\t\t<\/div><div id=\"ngg-image-2\" class=\"image-wrapper\"><a href=\"https:\/\/ottoschaefer.de\/birds_and_nature\/wp-content\/gallery\/bilder\/2009-04-14-006-extremadura.jpg\"\n\t\t\t\t\t\t\t\ttitle=\"R\u00f6telfalke\"\n\t\t\t\t\t\t\t\tdata-src=\"https:\/\/ottoschaefer.de\/birds_and_nature\/wp-content\/gallery\/bilder\/2009-04-14-006-extremadura.jpg\"\n\t\t\t\t\t\t\t\tdata-thumbnail=\"https:\/\/ottoschaefer.de\/birds_and_nature\/wp-content\/gallery\/bilder\/thumbs\/thumbs_2009-04-14-006-extremadura.jpg\"\n\t\t\t\t\t\t\t\tdata-image-id=\"146\"\n\t\t\t\t\t\t\t\tdata-title=\"2009-04-14-006-extremadura\"\n\t\t\t\t\t\t\t\tdata-description=\"R\u00f6telfalke\"\n\t\t\t\t\t\t\t\t\t\t\t\t\t\t\t\t\t\t\t\t\t\t\t\t\t\t\t\t\t\t\t\t\t\t\t\t\t\t\tclass='nextgen_pro_lightbox' data-nplmodal-gallery-id='fffe039369719d955182c4cb32da1510'><picture><source srcset='https:\/\/ottoschaefer.de\/birds_and_nature\/wp-content\/gallery\/bilder\/cache\/2009-04-14-006-extremadura.jpg-nggid03146-ngg0dyn-120x90x100-00f0w010c010r110f110r010t010.jpg'><img class=\"nextgen_pro_film_image\" title=\"2009-04-14-006-extremadura\" alt=\"2009-04-14-006-extremadura\" width=\"120\" height=\"80\" style=\"max-width:120px;max-height:80px\" src=\"https:\/\/ottoschaefer.de\/birds_and_nature\/wp-content\/gallery\/bilder\/cache\/2009-04-14-006-extremadura.jpg-nggid03146-ngg0dyn-120x90x100-00f0w010c010r110f110r010t010.jpg\" srcset=\"https:\/\/ottoschaefer.de\/birds_and_nature\/wp-content\/gallery\/bilder\/cache\/2009-04-14-006-extremadura.jpg-nggid03146-ngg0dyn-120x90x100-00f0w010c010r110f110r010t010.jpg\" \/><\/picture>\t\t\t\t\t\t\t<\/a><div class='ngg-trigger-buttons'><i class='fa ngg-trigger nextgen_pro_lightbox fa-share-square' data-nplmodal-gallery-id='fffe039369719d955182c4cb32da1510' data-image-id='146'><\/i><\/div>\t\t\t\t\t<\/div><div id=\"ngg-image-3\" class=\"image-wrapper\"><a href=\"https:\/\/ottoschaefer.de\/birds_and_nature\/wp-content\/gallery\/bilder\/2009-04-14-013-extremadura.jpg\"\n\t\t\t\t\t\t\t\ttitle=\"R\u00f6telfalke\"\n\t\t\t\t\t\t\t\tdata-src=\"https:\/\/ottoschaefer.de\/birds_and_nature\/wp-content\/gallery\/bilder\/2009-04-14-013-extremadura.jpg\"\n\t\t\t\t\t\t\t\tdata-thumbnail=\"https:\/\/ottoschaefer.de\/birds_and_nature\/wp-content\/gallery\/bilder\/thumbs\/thumbs_2009-04-14-013-extremadura.jpg\"\n\t\t\t\t\t\t\t\tdata-image-id=\"147\"\n\t\t\t\t\t\t\t\tdata-title=\"2009-04-14-013-extremadura\"\n\t\t\t\t\t\t\t\tdata-description=\"R\u00f6telfalke\"\n\t\t\t\t\t\t\t\t\t\t\t\t\t\t\t\t\t\t\t\t\t\t\t\t\t\t\t\t\t\t\t\t\t\t\t\t\t\t\tclass='nextgen_pro_lightbox' data-nplmodal-gallery-id='fffe039369719d955182c4cb32da1510'><picture><source srcset='https:\/\/ottoschaefer.de\/birds_and_nature\/wp-content\/gallery\/bilder\/cache\/2009-04-14-013-extremadura.jpg-nggid03147-ngg0dyn-120x90x100-00f0w010c010r110f110r010t010.jpg'><img class=\"nextgen_pro_film_image\" title=\"2009-04-14-013-extremadura\" alt=\"2009-04-14-013-extremadura\" width=\"120\" height=\"80\" style=\"max-width:120px;max-height:80px\" src=\"https:\/\/ottoschaefer.de\/birds_and_nature\/wp-content\/gallery\/bilder\/cache\/2009-04-14-013-extremadura.jpg-nggid03147-ngg0dyn-120x90x100-00f0w010c010r110f110r010t010.jpg\" srcset=\"https:\/\/ottoschaefer.de\/birds_and_nature\/wp-content\/gallery\/bilder\/cache\/2009-04-14-013-extremadura.jpg-nggid03147-ngg0dyn-120x90x100-00f0w010c010r110f110r010t010.jpg\" \/><\/picture>\t\t\t\t\t\t\t<\/a><div class='ngg-trigger-buttons'><i class='fa ngg-trigger nextgen_pro_lightbox fa-share-square' data-nplmodal-gallery-id='fffe039369719d955182c4cb32da1510' data-image-id='147'><\/i><\/div>\t\t\t\t\t<\/div><div id=\"ngg-image-4\" class=\"image-wrapper\"><a href=\"https:\/\/ottoschaefer.de\/birds_and_nature\/wp-content\/gallery\/bilder\/2009-04-14-014-extremadura.jpg\"\n\t\t\t\t\t\t\t\ttitle=\"R\u00f6telfalke\"\n\t\t\t\t\t\t\t\tdata-src=\"https:\/\/ottoschaefer.de\/birds_and_nature\/wp-content\/gallery\/bilder\/2009-04-14-014-extremadura.jpg\"\n\t\t\t\t\t\t\t\tdata-thumbnail=\"https:\/\/ottoschaefer.de\/birds_and_nature\/wp-content\/gallery\/bilder\/thumbs\/thumbs_2009-04-14-014-extremadura.jpg\"\n\t\t\t\t\t\t\t\tdata-image-id=\"148\"\n\t\t\t\t\t\t\t\tdata-title=\"2009-04-14-014-extremadura\"\n\t\t\t\t\t\t\t\tdata-description=\"R\u00f6telfalke\"\n\t\t\t\t\t\t\t\t\t\t\t\t\t\t\t\t\t\t\t\t\t\t\t\t\t\t\t\t\t\t\t\t\t\t\t\t\t\t\tclass='nextgen_pro_lightbox' data-nplmodal-gallery-id='fffe039369719d955182c4cb32da1510'><picture><source srcset='https:\/\/ottoschaefer.de\/birds_and_nature\/wp-content\/gallery\/bilder\/cache\/2009-04-14-014-extremadura.jpg-nggid03148-ngg0dyn-120x90x100-00f0w010c010r110f110r010t010.jpg'><img class=\"nextgen_pro_film_image\" title=\"2009-04-14-014-extremadura\" alt=\"2009-04-14-014-extremadura\" width=\"120\" height=\"80\" style=\"max-width:120px;max-height:80px\" src=\"https:\/\/ottoschaefer.de\/birds_and_nature\/wp-content\/gallery\/bilder\/cache\/2009-04-14-014-extremadura.jpg-nggid03148-ngg0dyn-120x90x100-00f0w010c010r110f110r010t010.jpg\" srcset=\"https:\/\/ottoschaefer.de\/birds_and_nature\/wp-content\/gallery\/bilder\/cache\/2009-04-14-014-extremadura.jpg-nggid03148-ngg0dyn-120x90x100-00f0w010c010r110f110r010t010.jpg\" \/><\/picture>\t\t\t\t\t\t\t<\/a><div class='ngg-trigger-buttons'><i class='fa ngg-trigger nextgen_pro_lightbox fa-share-square' data-nplmodal-gallery-id='fffe039369719d955182c4cb32da1510' data-image-id='148'><\/i><\/div>\t\t\t\t\t<\/div><div id=\"ngg-image-5\" class=\"image-wrapper\"><a href=\"https:\/\/ottoschaefer.de\/birds_and_nature\/wp-content\/gallery\/bilder\/2009-04-14-018-extremadura.jpg\"\n\t\t\t\t\t\t\t\ttitle=\"R\u00f6telfalke\"\n\t\t\t\t\t\t\t\tdata-src=\"https:\/\/ottoschaefer.de\/birds_and_nature\/wp-content\/gallery\/bilder\/2009-04-14-018-extremadura.jpg\"\n\t\t\t\t\t\t\t\tdata-thumbnail=\"https:\/\/ottoschaefer.de\/birds_and_nature\/wp-content\/gallery\/bilder\/thumbs\/thumbs_2009-04-14-018-extremadura.jpg\"\n\t\t\t\t\t\t\t\tdata-image-id=\"149\"\n\t\t\t\t\t\t\t\tdata-title=\"2009-04-14-018-extremadura\"\n\t\t\t\t\t\t\t\tdata-description=\"R\u00f6telfalke\"\n\t\t\t\t\t\t\t\t\t\t\t\t\t\t\t\t\t\t\t\t\t\t\t\t\t\t\t\t\t\t\t\t\t\t\t\t\t\t\tclass='nextgen_pro_lightbox' data-nplmodal-gallery-id='fffe039369719d955182c4cb32da1510'><picture><source srcset='https:\/\/ottoschaefer.de\/birds_and_nature\/wp-content\/gallery\/bilder\/cache\/2009-04-14-018-extremadura.jpg-nggid03149-ngg0dyn-120x90x100-00f0w010c010r110f110r010t010.jpg'><img class=\"nextgen_pro_film_image\" title=\"2009-04-14-018-extremadura\" alt=\"2009-04-14-018-extremadura\" width=\"120\" height=\"80\" style=\"max-width:120px;max-height:80px\" src=\"https:\/\/ottoschaefer.de\/birds_and_nature\/wp-content\/gallery\/bilder\/cache\/2009-04-14-018-extremadura.jpg-nggid03149-ngg0dyn-120x90x100-00f0w010c010r110f110r010t010.jpg\" srcset=\"https:\/\/ottoschaefer.de\/birds_and_nature\/wp-content\/gallery\/bilder\/cache\/2009-04-14-018-extremadura.jpg-nggid03149-ngg0dyn-120x90x100-00f0w010c010r110f110r010t010.jpg\" \/><\/picture>\t\t\t\t\t\t\t<\/a><div class='ngg-trigger-buttons'><i class='fa ngg-trigger nextgen_pro_lightbox fa-share-square' data-nplmodal-gallery-id='fffe039369719d955182c4cb32da1510' data-image-id='149'><\/i><\/div>\t\t\t\t\t<\/div><div id=\"ngg-image-6\" class=\"image-wrapper\"><a href=\"https:\/\/ottoschaefer.de\/birds_and_nature\/wp-content\/gallery\/bilder\/2009-04-14-023-extremadura.jpg\"\n\t\t\t\t\t\t\t\ttitle=\"Milchstern\"\n\t\t\t\t\t\t\t\tdata-src=\"https:\/\/ottoschaefer.de\/birds_and_nature\/wp-content\/gallery\/bilder\/2009-04-14-023-extremadura.jpg\"\n\t\t\t\t\t\t\t\tdata-thumbnail=\"https:\/\/ottoschaefer.de\/birds_and_nature\/wp-content\/gallery\/bilder\/thumbs\/thumbs_2009-04-14-023-extremadura.jpg\"\n\t\t\t\t\t\t\t\tdata-image-id=\"150\"\n\t\t\t\t\t\t\t\tdata-title=\"2009-04-14-023-extremadura\"\n\t\t\t\t\t\t\t\tdata-description=\"Milchstern\"\n\t\t\t\t\t\t\t\t\t\t\t\t\t\t\t\t\t\t\t\t\t\t\t\t\t\t\t\t\t\t\t\t\t\t\t\t\t\t\tclass='nextgen_pro_lightbox' data-nplmodal-gallery-id='fffe039369719d955182c4cb32da1510'><picture><source srcset='https:\/\/ottoschaefer.de\/birds_and_nature\/wp-content\/gallery\/bilder\/cache\/2009-04-14-023-extremadura.jpg-nggid03150-ngg0dyn-120x90x100-00f0w010c010r110f110r010t010.jpg'><img class=\"nextgen_pro_film_image\" title=\"2009-04-14-023-extremadura\" alt=\"2009-04-14-023-extremadura\" width=\"120\" height=\"80\" style=\"max-width:120px;max-height:80px\" src=\"https:\/\/ottoschaefer.de\/birds_and_nature\/wp-content\/gallery\/bilder\/cache\/2009-04-14-023-extremadura.jpg-nggid03150-ngg0dyn-120x90x100-00f0w010c010r110f110r010t010.jpg\" srcset=\"https:\/\/ottoschaefer.de\/birds_and_nature\/wp-content\/gallery\/bilder\/cache\/2009-04-14-023-extremadura.jpg-nggid03150-ngg0dyn-120x90x100-00f0w010c010r110f110r010t010.jpg\" \/><\/picture>\t\t\t\t\t\t\t<\/a><div class='ngg-trigger-buttons'><i class='fa ngg-trigger nextgen_pro_lightbox fa-share-square' data-nplmodal-gallery-id='fffe039369719d955182c4cb32da1510' data-image-id='150'><\/i><\/div>\t\t\t\t\t<\/div><div id=\"ngg-image-7\" class=\"image-wrapper\"><a href=\"https:\/\/ottoschaefer.de\/birds_and_nature\/wp-content\/gallery\/bilder\/2009-04-14-024-extremadura.jpg\"\n\t\t\t\t\t\t\t\ttitle=\"Mittagsschwertlilie\"\n\t\t\t\t\t\t\t\tdata-src=\"https:\/\/ottoschaefer.de\/birds_and_nature\/wp-content\/gallery\/bilder\/2009-04-14-024-extremadura.jpg\"\n\t\t\t\t\t\t\t\tdata-thumbnail=\"https:\/\/ottoschaefer.de\/birds_and_nature\/wp-content\/gallery\/bilder\/thumbs\/thumbs_2009-04-14-024-extremadura.jpg\"\n\t\t\t\t\t\t\t\tdata-image-id=\"151\"\n\t\t\t\t\t\t\t\tdata-title=\"2009-04-14-024-extremadura\"\n\t\t\t\t\t\t\t\tdata-description=\"Mittagsschwertlilie\"\n\t\t\t\t\t\t\t\t\t\t\t\t\t\t\t\t\t\t\t\t\t\t\t\t\t\t\t\t\t\t\t\t\t\t\t\t\t\t\tclass='nextgen_pro_lightbox' data-nplmodal-gallery-id='fffe039369719d955182c4cb32da1510'><picture><source srcset='https:\/\/ottoschaefer.de\/birds_and_nature\/wp-content\/gallery\/bilder\/cache\/2009-04-14-024-extremadura.jpg-nggid03151-ngg0dyn-120x90x100-00f0w010c010r110f110r010t010.jpg'><img class=\"nextgen_pro_film_image\" title=\"2009-04-14-024-extremadura\" alt=\"2009-04-14-024-extremadura\" width=\"120\" height=\"80\" style=\"max-width:120px;max-height:80px\" src=\"https:\/\/ottoschaefer.de\/birds_and_nature\/wp-content\/gallery\/bilder\/cache\/2009-04-14-024-extremadura.jpg-nggid03151-ngg0dyn-120x90x100-00f0w010c010r110f110r010t010.jpg\" srcset=\"https:\/\/ottoschaefer.de\/birds_and_nature\/wp-content\/gallery\/bilder\/cache\/2009-04-14-024-extremadura.jpg-nggid03151-ngg0dyn-120x90x100-00f0w010c010r110f110r010t010.jpg\" \/><\/picture>\t\t\t\t\t\t\t<\/a><div class='ngg-trigger-buttons'><i class='fa ngg-trigger nextgen_pro_lightbox fa-share-square' data-nplmodal-gallery-id='fffe039369719d955182c4cb32da1510' data-image-id='151'><\/i><\/div>\t\t\t\t\t<\/div><div id=\"ngg-image-8\" class=\"image-wrapper\"><a href=\"https:\/\/ottoschaefer.de\/birds_and_nature\/wp-content\/gallery\/bilder\/2009-04-15-005-extremadura.jpg\"\n\t\t\t\t\t\t\t\ttitle=\"Wiedehopf\"\n\t\t\t\t\t\t\t\tdata-src=\"https:\/\/ottoschaefer.de\/birds_and_nature\/wp-content\/gallery\/bilder\/2009-04-15-005-extremadura.jpg\"\n\t\t\t\t\t\t\t\tdata-thumbnail=\"https:\/\/ottoschaefer.de\/birds_and_nature\/wp-content\/gallery\/bilder\/thumbs\/thumbs_2009-04-15-005-extremadura.jpg\"\n\t\t\t\t\t\t\t\tdata-image-id=\"152\"\n\t\t\t\t\t\t\t\tdata-title=\"2009-04-15-005-extremadura\"\n\t\t\t\t\t\t\t\tdata-description=\"Wiedehopf\"\n\t\t\t\t\t\t\t\t\t\t\t\t\t\t\t\t\t\t\t\t\t\t\t\t\t\t\t\t\t\t\t\t\t\t\t\t\t\t\tclass='nextgen_pro_lightbox' data-nplmodal-gallery-id='fffe039369719d955182c4cb32da1510'><picture><source srcset='https:\/\/ottoschaefer.de\/birds_and_nature\/wp-content\/gallery\/bilder\/cache\/2009-04-15-005-extremadura.jpg-nggid03152-ngg0dyn-120x90x100-00f0w010c010r110f110r010t010.jpg'><img class=\"nextgen_pro_film_image\" title=\"2009-04-15-005-extremadura\" alt=\"2009-04-15-005-extremadura\" width=\"120\" height=\"80\" style=\"max-width:120px;max-height:80px\" src=\"https:\/\/ottoschaefer.de\/birds_and_nature\/wp-content\/gallery\/bilder\/cache\/2009-04-15-005-extremadura.jpg-nggid03152-ngg0dyn-120x90x100-00f0w010c010r110f110r010t010.jpg\" srcset=\"https:\/\/ottoschaefer.de\/birds_and_nature\/wp-content\/gallery\/bilder\/cache\/2009-04-15-005-extremadura.jpg-nggid03152-ngg0dyn-120x90x100-00f0w010c010r110f110r010t010.jpg\" \/><\/picture>\t\t\t\t\t\t\t<\/a><div class='ngg-trigger-buttons'><i class='fa ngg-trigger nextgen_pro_lightbox fa-share-square' data-nplmodal-gallery-id='fffe039369719d955182c4cb32da1510' data-image-id='152'><\/i><\/div>\t\t\t\t\t<\/div><div id=\"ngg-image-9\" class=\"image-wrapper\"><a href=\"https:\/\/ottoschaefer.de\/birds_and_nature\/wp-content\/gallery\/bilder\/2009-04-15-007-extremadura.jpg\"\n\t\t\t\t\t\t\t\ttitle=\"Wiedehopf\"\n\t\t\t\t\t\t\t\tdata-src=\"https:\/\/ottoschaefer.de\/birds_and_nature\/wp-content\/gallery\/bilder\/2009-04-15-007-extremadura.jpg\"\n\t\t\t\t\t\t\t\tdata-thumbnail=\"https:\/\/ottoschaefer.de\/birds_and_nature\/wp-content\/gallery\/bilder\/thumbs\/thumbs_2009-04-15-007-extremadura.jpg\"\n\t\t\t\t\t\t\t\tdata-image-id=\"153\"\n\t\t\t\t\t\t\t\tdata-title=\"2009-04-15-007-extremadura\"\n\t\t\t\t\t\t\t\tdata-description=\"Wiedehopf\"\n\t\t\t\t\t\t\t\t\t\t\t\t\t\t\t\t\t\t\t\t\t\t\t\t\t\t\t\t\t\t\t\t\t\t\t\t\t\t\tclass='nextgen_pro_lightbox' data-nplmodal-gallery-id='fffe039369719d955182c4cb32da1510'><picture><source srcset='https:\/\/ottoschaefer.de\/birds_and_nature\/wp-content\/gallery\/bilder\/cache\/2009-04-15-007-extremadura.jpg-nggid03153-ngg0dyn-120x90x100-00f0w010c010r110f110r010t010.jpg'><img class=\"nextgen_pro_film_image\" title=\"2009-04-15-007-extremadura\" alt=\"2009-04-15-007-extremadura\" width=\"60\" height=\"90\" style=\"max-width:60px;max-height:90px\" src=\"https:\/\/ottoschaefer.de\/birds_and_nature\/wp-content\/gallery\/bilder\/cache\/2009-04-15-007-extremadura.jpg-nggid03153-ngg0dyn-120x90x100-00f0w010c010r110f110r010t010.jpg\" srcset=\"https:\/\/ottoschaefer.de\/birds_and_nature\/wp-content\/gallery\/bilder\/cache\/2009-04-15-007-extremadura.jpg-nggid03153-ngg0dyn-120x90x100-00f0w010c010r110f110r010t010.jpg\" \/><\/picture>\t\t\t\t\t\t\t<\/a><div class='ngg-trigger-buttons'><i class='fa ngg-trigger nextgen_pro_lightbox fa-share-square' data-nplmodal-gallery-id='fffe039369719d955182c4cb32da1510' data-image-id='153'><\/i><\/div>\t\t\t\t\t<\/div><\/div><div class='ngg-navigation'><span class='current'>1<\/span><a class='page-numbers' data-pageid='2' href='https:\/\/ottoschaefer.de\/birds_and_nature\/extremadura-2009\/nggallery\/page\/2'>2<\/a><span class='ellipsis'>...<\/span><a class='page-numbers' data-pageid='6' href='https:\/\/ottoschaefer.de\/birds_and_nature\/extremadura-2009\/nggallery\/page\/6'>6<\/a><a class='prev' href='https:\/\/ottoschaefer.de\/birds_and_nature\/extremadura-2009\/nggallery\/page\/2' data-pageid=\"2\">&#9658;<\/a><\/div>\n<\/p>\n","protected":false},"excerpt":{"rendered":"<p>Spanien, Extremadura im April 2009 Meine zweite Reise in die Extremadura, im S\u00fcwesten Spaniens, diesmal im Monat April. St\u00fctzpunkt war wieder Quintana della Serena, mit Ausf\u00fcgen in die n\u00e4here Umgebung und nach Merida. Ftotgrafischer Schwerpunkt: Landschaftsfotografie und allerlei Vogelarten wie Blauracken, Bienenfresser, R\u00f6telfalken und andere. 12&#8230;6&#9658;<\/p>\n","protected":false},"author":1,"featured_media":0,"parent":0,"menu_order":0,"comment_status":"closed","ping_status":"closed","template":"template-page-no-title.php","meta":{"ngg_post_thumbnail":0,"footnotes":""},"class_list":["post-500","page","type-page","status-publish","hentry","entry"],"_links":{"self":[{"href":"https:\/\/ottoschaefer.de\/birds_and_nature\/wp-json\/wp\/v2\/pages\/500","targetHints":{"allow":["GET"]}}],"collection":[{"href":"https:\/\/ottoschaefer.de\/birds_and_nature\/wp-json\/wp\/v2\/pages"}],"about":[{"href":"https:\/\/ottoschaefer.de\/birds_and_nature\/wp-json\/wp\/v2\/types\/page"}],"author":[{"embeddable":true,"href":"https:\/\/ottoschaefer.de\/birds_and_nature\/wp-json\/wp\/v2\/users\/1"}],"replies":[{"embeddable":true,"href":"https:\/\/ottoschaefer.de\/birds_and_nature\/wp-json\/wp\/v2\/comments?post=500"}],"version-history":[{"count":2,"href":"https:\/\/ottoschaefer.de\/birds_and_nature\/wp-json\/wp\/v2\/pages\/500\/revisions"}],"predecessor-version":[{"id":779,"href":"https:\/\/ottoschaefer.de\/birds_and_nature\/wp-json\/wp\/v2\/pages\/500\/revisions\/779"}],"wp:attachment":[{"href":"https:\/\/ottoschaefer.de\/birds_and_nature\/wp-json\/wp\/v2\/media?parent=500"}],"curies":[{"name":"wp","href":"https:\/\/api.w.org\/{rel}","templated":true}]}}