{"id":3553,"date":"2025-12-17T17:41:33","date_gmt":"2025-12-17T16:41:33","guid":{"rendered":"https:\/\/ottoschaefer.de\/birds_and_nature\/?page_id=3553"},"modified":"2025-12-17T17:41:33","modified_gmt":"2025-12-17T16:41:33","slug":"unsere-fellnasen","status":"publish","type":"page","link":"https:\/\/ottoschaefer.de\/birds_and_nature\/unsere-fellnasen\/","title":{"rendered":"Unsere Fellnasen"},"content":{"rendered":"\n<h1>Unsere Fellnasen<\/h1>\n\n\n\n<p>Hunde begleiten uns fast unser (Barbaras und mein) ganzes Leben. Eigene Hunde und auch fremde Hunde, die mal k\u00fcrzer oder auch l\u00e4nger als &#8222;Feriengast&#8220; bei uns waren. Sie alle waren\/sind immer sehr willkommen, und ohne sie h\u00e4tte uns im Leben etwas gefehlt.<br>Die eigenen Hunde sind f\u00fcr uns immer ein Teil der Familie, auf die es gilt R\u00fccksicht zu nehmen und sein Leben in vielen Bereichen nach ihnen zu richten. So wie es man auch bei eigenen Kindern macht bzw. machen sollte.<br>Man verliert dabei zwar ein St\u00fcck Freiheit, gewinnt aber um so mehr Freude dazu. Sie \u00e4rgern dich nie, sie hintergehen dich nie, sind nie b\u00f6se, tun dir nicht weh, sie lieben dich bedingungslos.<\/p>\n\n\n\n<p><br><strong><em>Dass mir mein Hund das Liebste sei,<br>sagst du, oh Mensch, sei S\u00fcnde,<br>doch mein Hund bleibt mir im Sturme treu,<br>der Mensch nicht mal im Winde.<\/em><\/strong><br>Erkannte schon Franz von Assisi<\/p>\n\n\n\nngg_shortcode_0_placeholder\n\n\n","protected":false},"excerpt":{"rendered":"<p>Unsere Fellnasen Hunde begleiten uns fast unser (Barbaras und mein) ganzes Leben. Eigene Hunde und auch fremde Hunde, die mal k\u00fcrzer oder auch l\u00e4nger als &#8222;Feriengast&#8220; bei uns waren. Sie alle waren\/sind immer sehr willkommen, und ohne sie h\u00e4tte uns im Leben etwas gefehlt.Die eigenen Hunde sind f\u00fcr uns immer ein Teil der Familie, auf [&hellip;]<\/p>\n","protected":false},"author":1,"featured_media":0,"parent":0,"menu_order":0,"comment_status":"closed","ping_status":"closed","template":"","meta":{"ngg_post_thumbnail":0,"footnotes":""},"class_list":["post-3553","page","type-page","status-publish","hentry","entry"],"_links":{"self":[{"href":"https:\/\/ottoschaefer.de\/birds_and_nature\/wp-json\/wp\/v2\/pages\/3553","targetHints":{"allow":["GET"]}}],"collection":[{"href":"https:\/\/ottoschaefer.de\/birds_and_nature\/wp-json\/wp\/v2\/pages"}],"about":[{"href":"https:\/\/ottoschaefer.de\/birds_and_nature\/wp-json\/wp\/v2\/types\/page"}],"author":[{"embeddable":true,"href":"https:\/\/ottoschaefer.de\/birds_and_nature\/wp-json\/wp\/v2\/users\/1"}],"replies":[{"embeddable":true,"href":"https:\/\/ottoschaefer.de\/birds_and_nature\/wp-json\/wp\/v2\/comments?post=3553"}],"version-history":[{"count":6,"href":"https:\/\/ottoschaefer.de\/birds_and_nature\/wp-json\/wp\/v2\/pages\/3553\/revisions"}],"predecessor-version":[{"id":3606,"href":"https:\/\/ottoschaefer.de\/birds_and_nature\/wp-json\/wp\/v2\/pages\/3553\/revisions\/3606"}],"wp:attachment":[{"href":"https:\/\/ottoschaefer.de\/birds_and_nature\/wp-json\/wp\/v2\/media?parent=3553"}],"curies":[{"name":"wp","href":"https:\/\/api.w.org\/{rel}","templated":true}]}}