{"id":2938,"date":"2023-01-16T17:36:36","date_gmt":"2023-01-16T16:36:36","guid":{"rendered":"https:\/\/ottoschaefer.de\/birds_and_nature\/?page_id=2938"},"modified":"2023-01-16T17:36:37","modified_gmt":"2023-01-16T16:36:37","slug":"voegel-voegel-voegel","status":"publish","type":"page","link":"https:\/\/ottoschaefer.de\/birds_and_nature\/voegel-voegel-voegel\/","title":{"rendered":"V\u00f6gel, V\u00f6gel, V\u00f6gel"},"content":{"rendered":"\n<p>Ganz viele V\u00f6gel aus Spanien, Norwegen, Deutschland, bis zu den Kap Verden<\/p>\nngg_shortcode_0_placeholder\n","protected":false},"excerpt":{"rendered":"<p>Ganz viele V\u00f6gel aus Spanien, Norwegen, Deutschland, bis zu den Kap Verden<\/p>\n","protected":false},"author":1,"featured_media":0,"parent":0,"menu_order":0,"comment_status":"closed","ping_status":"closed","template":"","meta":{"ngg_post_thumbnail":0,"footnotes":""},"class_list":["post-2938","page","type-page","status-publish","hentry","entry"],"_links":{"self":[{"href":"https:\/\/ottoschaefer.de\/birds_and_nature\/wp-json\/wp\/v2\/pages\/2938","targetHints":{"allow":["GET"]}}],"collection":[{"href":"https:\/\/ottoschaefer.de\/birds_and_nature\/wp-json\/wp\/v2\/pages"}],"about":[{"href":"https:\/\/ottoschaefer.de\/birds_and_nature\/wp-json\/wp\/v2\/types\/page"}],"author":[{"embeddable":true,"href":"https:\/\/ottoschaefer.de\/birds_and_nature\/wp-json\/wp\/v2\/users\/1"}],"replies":[{"embeddable":true,"href":"https:\/\/ottoschaefer.de\/birds_and_nature\/wp-json\/wp\/v2\/comments?post=2938"}],"version-history":[{"count":2,"href":"https:\/\/ottoschaefer.de\/birds_and_nature\/wp-json\/wp\/v2\/pages\/2938\/revisions"}],"predecessor-version":[{"id":3147,"href":"https:\/\/ottoschaefer.de\/birds_and_nature\/wp-json\/wp\/v2\/pages\/2938\/revisions\/3147"}],"wp:attachment":[{"href":"https:\/\/ottoschaefer.de\/birds_and_nature\/wp-json\/wp\/v2\/media?parent=2938"}],"curies":[{"name":"wp","href":"https:\/\/api.w.org\/{rel}","templated":true}]}}