{"id":2016,"date":"2017-05-15T19:41:18","date_gmt":"2017-05-15T18:41:18","guid":{"rendered":"http:\/\/ottoschaefer.de\/birds_and_nature\/?page_id=2016"},"modified":"2017-05-15T19:41:18","modified_gmt":"2017-05-15T18:41:18","slug":"kapverden","status":"publish","type":"page","link":"https:\/\/ottoschaefer.de\/birds_and_nature\/kapverden\/","title":{"rendered":"Kapverden"},"content":{"rendered":"<h2>Kapverden &#8211; Inseln im Wind<\/h2>\n<p>BIlder meiner Reise nach &#8222;Cabo Verde&#8220;. Anreise mit Lufthansa und TAP \u00fcber Lissabon nach Praia, der Hauptstadt der Inselgruppe auf Santiago. Von dort Ausfl\u00fcge auf der den Inseln Santiago und Boavista, gef\u00fchrt von Herbert B\u00f6dendorfer und unserem lokalen F\u00fchrer Andriu.<\/p>\nngg_shortcode_0_placeholder\n","protected":false},"excerpt":{"rendered":"<p>Kapverden &#8211; Inseln im Wind BIlder meiner Reise nach &#8222;Cabo Verde&#8220;. Anreise mit Lufthansa und TAP \u00fcber Lissabon nach Praia, der Hauptstadt der Inselgruppe auf Santiago. Von dort Ausfl\u00fcge auf der den Inseln Santiago und Boavista, gef\u00fchrt von Herbert B\u00f6dendorfer und unserem lokalen F\u00fchrer Andriu.<\/p>\n","protected":false},"author":1,"featured_media":2018,"parent":0,"menu_order":0,"comment_status":"closed","ping_status":"closed","template":"template-page-no-title.php","meta":{"ngg_post_thumbnail":0,"footnotes":""},"class_list":["post-2016","page","type-page","status-publish","has-post-thumbnail","hentry","entry","has-media"],"_links":{"self":[{"href":"https:\/\/ottoschaefer.de\/birds_and_nature\/wp-json\/wp\/v2\/pages\/2016","targetHints":{"allow":["GET"]}}],"collection":[{"href":"https:\/\/ottoschaefer.de\/birds_and_nature\/wp-json\/wp\/v2\/pages"}],"about":[{"href":"https:\/\/ottoschaefer.de\/birds_and_nature\/wp-json\/wp\/v2\/types\/page"}],"author":[{"embeddable":true,"href":"https:\/\/ottoschaefer.de\/birds_and_nature\/wp-json\/wp\/v2\/users\/1"}],"replies":[{"embeddable":true,"href":"https:\/\/ottoschaefer.de\/birds_and_nature\/wp-json\/wp\/v2\/comments?post=2016"}],"version-history":[{"count":5,"href":"https:\/\/ottoschaefer.de\/birds_and_nature\/wp-json\/wp\/v2\/pages\/2016\/revisions"}],"predecessor-version":[{"id":2152,"href":"https:\/\/ottoschaefer.de\/birds_and_nature\/wp-json\/wp\/v2\/pages\/2016\/revisions\/2152"}],"wp:featuredmedia":[{"embeddable":true,"href":"https:\/\/ottoschaefer.de\/birds_and_nature\/wp-json\/wp\/v2\/media\/2018"}],"wp:attachment":[{"href":"https:\/\/ottoschaefer.de\/birds_and_nature\/wp-json\/wp\/v2\/media?parent=2016"}],"curies":[{"name":"wp","href":"https:\/\/api.w.org\/{rel}","templated":true}]}}